{"id":11,"date":"2025-12-30T12:09:48","date_gmt":"2025-12-30T11:09:48","guid":{"rendered":"https:\/\/ehealth.nubidev.pl\/?page_id=11"},"modified":"2026-01-05T13:02:54","modified_gmt":"2026-01-05T12:02:54","slug":"o-mnie","status":"publish","type":"page","link":"https:\/\/ehealth.nubidev.pl\/index.php\/o-mnie\/","title":{"rendered":"O mnie"},"content":{"rendered":"\n<div class=\"wp-block-group alignfull\" style=\"padding-top:var(--wp--preset--spacing--50);padding-right:var(--wp--preset--spacing--50);padding-bottom:var(--wp--preset--spacing--50);padding-left:var(--wp--preset--spacing--50)\"><div class=\"wp-block-group__inner-container is-layout-constrained wp-container-core-group-is-layout-f4d13f5d wp-block-group-is-layout-constrained\">\n<div class=\"wp-block-group\"><div class=\"wp-block-group__inner-container is-layout-constrained wp-container-core-group-is-layout-04692c70 wp-block-group-is-layout-constrained\">\n<h1 class=\"wp-block-heading alignwide has-text-align-center has-x-large-font-size\">Trener personalny &#8211; Specjalista ds. si\u0142y i sprawno\u015bci<\/h1>\n\n\n\n<div class=\"wp-block-group is-nowrap is-layout-flex wp-container-core-group-is-layout-ad2f72ca wp-block-group-is-layout-flex\">\n<div style=\"height:1.25rem;width:0px\" aria-hidden=\"true\" class=\"wp-block-spacer wp-container-content-4f2ccadb\"><\/div>\n<\/div>\n\n\n\n<div class=\"wp-block-columns alignfull is-layout-flex wp-container-core-columns-is-layout-9d6595d7 wp-block-columns-is-layout-flex\">\n<div class=\"wp-block-column is-layout-flow wp-block-column-is-layout-flow\" style=\"flex-basis:50%\">\n<div class=\"wp-block-cover\" style=\"min-height:600px;aspect-ratio:unset;\"><span aria-hidden=\"true\" class=\"wp-block-cover__background has-theme-palette-9-background-color has-background-dim-100 has-background-dim\"><\/span><div class=\"wp-block-cover__inner-container is-layout-flow wp-block-cover-is-layout-flow\"><div class=\"wp-block-image\">\n<figure class=\"aligncenter size-medium is-resized\"><img loading=\"lazy\" decoding=\"async\" width=\"300\" height=\"200\" src=\"https:\/\/ehealth.nubidev.pl\/wp-content\/uploads\/2026\/01\/kobe-kian-clata-dMorWMdiZsk-unsplash-300x200.jpg\" alt=\"\" class=\"wp-image-72\" style=\"width:376px;height:auto\" srcset=\"https:\/\/ehealth.nubidev.pl\/wp-content\/uploads\/2026\/01\/kobe-kian-clata-dMorWMdiZsk-unsplash-300x200.jpg 300w, https:\/\/ehealth.nubidev.pl\/wp-content\/uploads\/2026\/01\/kobe-kian-clata-dMorWMdiZsk-unsplash-1024x683.jpg 1024w, https:\/\/ehealth.nubidev.pl\/wp-content\/uploads\/2026\/01\/kobe-kian-clata-dMorWMdiZsk-unsplash-768x512.jpg 768w, https:\/\/ehealth.nubidev.pl\/wp-content\/uploads\/2026\/01\/kobe-kian-clata-dMorWMdiZsk-unsplash-1536x1024.jpg 1536w, https:\/\/ehealth.nubidev.pl\/wp-content\/uploads\/2026\/01\/kobe-kian-clata-dMorWMdiZsk-unsplash-2048x1365.jpg 2048w\" sizes=\"auto, (max-width: 300px) 100vw, 300px\" \/><\/figure>\n<\/div><\/div><\/div>\n<\/div>\n\n\n\n<div class=\"wp-block-column is-vertically-aligned-center is-layout-flow wp-block-column-is-layout-flow\" style=\"padding-top:1em;padding-right:1em;padding-bottom:1em;padding-left:1em\">\n<div class=\"wp-block-columns is-layout-flex wp-container-core-columns-is-layout-9d6595d7 wp-block-columns-is-layout-flex\">\n<div class=\"wp-block-column is-layout-flow wp-block-column-is-layout-flow\" style=\"flex-basis:320px\">\n<p class=\"has-small-font-size\" style=\"line-height:1.6\"><strong>Adrian<\/strong><\/p>\n\n\n\n<p class=\"has-small-font-size\" style=\"line-height:1.5\">Jestem trenerem personalnym, kt\u00f3ry od lat z pasj\u0105 trenuje i nieustannie poszerza swoj\u0105 wiedz\u0119 na temat prawid\u0142owej techniki \u0107wicze\u0144 oraz zdrowego podej\u015bcia do aktywno\u015bci fizycznej. Sport i ruch towarzysz\u0105 mi od dawna \u2014 trening sta\u0142 si\u0119 nie tylko sposobem na popraw\u0119 sylwetki, ale tak\u017ce stylem \u017cycia.<\/p>\n\n\n\n<p class=\"has-small-font-size\" style=\"line-height:1.5\">Szczeg\u00f3ln\u0105 uwag\u0119 zwracam na poprawne wykonywanie \u0107wicze\u0144 i bezpiecze\u0144stwo podczas treningu. Uwa\u017cam, \u017ce solidne podstawy s\u0105 kluczem do d\u0142ugofalowych efekt\u00f3w i unikni\u0119cia kontuzji. Ka\u017cdy plan treningowy staram si\u0119 dopasowa\u0107 indywidualnie, uwzgl\u0119dniaj\u0105c mo\u017cliwo\u015bci, cele oraz samopoczucie osoby trenuj\u0105cej.<\/p>\n\n\n\n<p class=\"has-small-font-size\" style=\"line-height:1.5\">Lubi\u0119 prac\u0119 z lud\u017ami i ceni\u0119 sobie bezpo\u015bredni kontakt z podopiecznymi. Motywuje mnie obserwowanie post\u0119p\u00f3w innych oraz wspieranie ich w budowaniu zdrowych nawyk\u00f3w. Je\u015bli szukasz trenera, kt\u00f3ry podchodzi do treningu z zaanga\u017cowaniem, spokojem i autentyczn\u0105 pasj\u0105 \u2014 zapraszam do wsp\u00f3\u0142pracy.<\/p>\n<\/div>\n<\/div>\n<\/div>\n<\/div>\n\n\n\n<div style=\"height:100px\" aria-hidden=\"true\" class=\"wp-block-spacer\"><\/div>\n\n\n\n<div style=\"height:100px\" aria-hidden=\"true\" class=\"wp-block-spacer\"><\/div>\n\n\n\n<div style=\"height:1.25rem\" aria-hidden=\"true\" class=\"wp-block-spacer\"><\/div>\n<\/div><\/div>\n\n\n\n<div style=\"height:var(--wp--preset--spacing--30)\" aria-hidden=\"true\" class=\"wp-block-spacer\"><\/div>\n<\/div><\/div>\n\n\n\n<div class=\"wp-block-group alignfull\" style=\"margin-top:0;margin-bottom:0;padding-top:var(--wp--preset--spacing--50);padding-right:var(--wp--preset--spacing--50);padding-bottom:var(--wp--preset--spacing--50);padding-left:var(--wp--preset--spacing--50)\"><div class=\"wp-block-group__inner-container is-layout-constrained wp-container-core-group-is-layout-9cf8f26d wp-block-group-is-layout-constrained\">\n<h2 class=\"wp-block-heading alignwide has-x-large-font-size\" style=\"margin-top:0;margin-bottom:var(--wp--preset--spacing--40);line-height:1\">Watch, Read, Listen<\/h2>\n\n\n\n<div class=\"wp-block-group alignwide\"><div class=\"wp-block-group__inner-container is-layout-constrained wp-block-group-is-layout-constrained\">\n<div class=\"wp-block-query alignwide is-layout-flow wp-block-query-is-layout-flow\">\n\n\n<div style=\"height:var(--wp--preset--spacing--30)\" aria-hidden=\"true\" class=\"wp-block-spacer\"><\/div>\n\n\n<div class=\"wp-block-query-no-results\">\n\n<p>No posts were found.<\/p>\n\n<\/div><\/div>\n<\/div><\/div>\n<\/div><\/div>\n\n\n\n<div class=\"wp-block-group alignfull\" style=\"margin-top:0;margin-bottom:0;padding-top:var(--wp--preset--spacing--50);padding-right:var(--wp--preset--spacing--50);padding-bottom:var(--wp--preset--spacing--50);padding-left:var(--wp--preset--spacing--50)\"><div class=\"wp-block-group__inner-container is-layout-constrained wp-container-core-group-is-layout-9cf8f26d wp-block-group-is-layout-constrained\">\n<div class=\"wp-block-group alignwide has-base-2-background-color has-background\" style=\"border-radius:16px;padding-top:var(--wp--preset--spacing--40);padding-right:var(--wp--preset--spacing--50);padding-bottom:var(--wp--preset--spacing--40);padding-left:var(--wp--preset--spacing--50)\"><div class=\"wp-block-group__inner-container is-layout-constrained wp-container-core-group-is-layout-282d97d7 wp-block-group-is-layout-constrained\">\n<div style=\"height:var(--wp--preset--spacing--10)\" aria-hidden=\"true\" class=\"wp-block-spacer\"><\/div>\n\n\n\n<h2 class=\"wp-block-heading has-text-align-center has-x-large-font-size\">Join 900+ subscribers<\/h2>\n\n\n\n<p class=\"has-text-align-center\">Stay in the loop with everything you need to know.<\/p>\n\n\n\n<div class=\"wp-block-buttons is-content-justification-center is-layout-flex wp-container-core-buttons-is-layout-16018d1d wp-block-buttons-is-layout-flex\">\n<div class=\"wp-block-button\"><a class=\"wp-block-button__link wp-element-button\">Sign up<\/a><\/div>\n<\/div>\n\n\n\n<div style=\"height:var(--wp--preset--spacing--10)\" aria-hidden=\"true\" class=\"wp-block-spacer\"><\/div>\n<\/div><\/div>\n<\/div><\/div>\n","protected":false},"excerpt":{"rendered":"<p>Trener personalny &#8211; Specjalista ds. si\u0142y i sprawno\u015bci Adrian Jestem trenerem personalnym, kt\u00f3ry od lat z pasj\u0105 trenuje i nieustannie poszerza swoj\u0105 wiedz\u0119 na temat prawid\u0142owej techniki \u0107wicze\u0144 oraz zdrowego podej\u015bcia do aktywno\u015bci fizycznej. Sport i ruch towarzysz\u0105 mi od dawna \u2014 trening sta\u0142 si\u0119 nie tylko sposobem na popraw\u0119 sylwetki, ale tak\u017ce stylem \u017cycia&#8230;.<\/p>\n","protected":false},"author":5,"featured_media":0,"parent":0,"menu_order":0,"comment_status":"closed","ping_status":"closed","template":"","meta":{"_kad_post_transparent":"","_kad_post_title":"","_kad_post_layout":"","_kad_post_sidebar_id":"","_kad_post_content_style":"","_kad_post_vertical_padding":"","_kad_post_feature":"","_kad_post_feature_position":"","_kad_post_header":false,"_kad_post_footer":false,"_kad_post_classname":"","footnotes":""},"class_list":["post-11","page","type-page","status-publish","hentry"],"_links":{"self":[{"href":"https:\/\/ehealth.nubidev.pl\/index.php\/wp-json\/wp\/v2\/pages\/11","targetHints":{"allow":["GET"]}}],"collection":[{"href":"https:\/\/ehealth.nubidev.pl\/index.php\/wp-json\/wp\/v2\/pages"}],"about":[{"href":"https:\/\/ehealth.nubidev.pl\/index.php\/wp-json\/wp\/v2\/types\/page"}],"author":[{"embeddable":true,"href":"https:\/\/ehealth.nubidev.pl\/index.php\/wp-json\/wp\/v2\/users\/5"}],"replies":[{"embeddable":true,"href":"https:\/\/ehealth.nubidev.pl\/index.php\/wp-json\/wp\/v2\/comments?post=11"}],"version-history":[{"count":13,"href":"https:\/\/ehealth.nubidev.pl\/index.php\/wp-json\/wp\/v2\/pages\/11\/revisions"}],"predecessor-version":[{"id":81,"href":"https:\/\/ehealth.nubidev.pl\/index.php\/wp-json\/wp\/v2\/pages\/11\/revisions\/81"}],"wp:attachment":[{"href":"https:\/\/ehealth.nubidev.pl\/index.php\/wp-json\/wp\/v2\/media?parent=11"}],"curies":[{"name":"wp","href":"https:\/\/api.w.org\/{rel}","templated":true}]}}

<div class="wp-block-group alignfull" style="padding-top:var(--wp--preset--spacing--50);padding-right:var(--wp--preset--spacing--50);padding-bottom:var(--wp--preset--spacing--50);padding-left:var(--wp--preset--spacing--50)"><div class="wp-block-group__inner-container is-layout-constrained wp-container-core-group-is-layout-f4d13f5d wp-block-group-is-layout-constrained">
<div class="wp-block-group"><div class="wp-block-group__inner-container is-layout-constrained wp-container-core-group-is-layout-04692c70 wp-block-group-is-layout-constrained">
<h1 class="wp-block-heading alignwide has-text-align-center has-x-large-font-size">Trener personalny &#8211; Specjalista ds. siły i sprawności</h1>



<div class="wp-block-group is-nowrap is-layout-flex wp-container-core-group-is-layout-ad2f72ca wp-block-group-is-layout-flex">
<div style="height:1.25rem;width:0px" aria-hidden="true" class="wp-block-spacer wp-container-content-4f2ccadb"></div>
</div>



<div class="wp-block-columns alignfull is-layout-flex wp-container-core-columns-is-layout-9d6595d7 wp-block-columns-is-layout-flex">
<div class="wp-block-column is-layout-flow wp-block-column-is-layout-flow" style="flex-basis:50%">
<div class="wp-block-cover" style="min-height:600px;aspect-ratio:unset;"><span aria-hidden="true" class="wp-block-cover__background has-theme-palette-9-background-color has-background-dim-100 has-background-dim"></span><div class="wp-block-cover__inner-container is-layout-flow wp-block-cover-is-layout-flow"><div class="wp-block-image">
<figure class="aligncenter size-medium is-resized"><img loading="lazy" decoding="async" width="300" height="200" src="https://ehealth.nubidev.pl/wp-content/uploads/2026/01/kobe-kian-clata-dMorWMdiZsk-unsplash-300x200.jpg" alt="" class="wp-image-72" style="width:376px;height:auto" srcset="https://ehealth.nubidev.pl/wp-content/uploads/2026/01/kobe-kian-clata-dMorWMdiZsk-unsplash-300x200.jpg 300w, https://ehealth.nubidev.pl/wp-content/uploads/2026/01/kobe-kian-clata-dMorWMdiZsk-unsplash-1024x683.jpg 1024w, https://ehealth.nubidev.pl/wp-content/uploads/2026/01/kobe-kian-clata-dMorWMdiZsk-unsplash-768x512.jpg 768w, https://ehealth.nubidev.pl/wp-content/uploads/2026/01/kobe-kian-clata-dMorWMdiZsk-unsplash-1536x1024.jpg 1536w, https://ehealth.nubidev.pl/wp-content/uploads/2026/01/kobe-kian-clata-dMorWMdiZsk-unsplash-2048x1365.jpg 2048w" sizes="auto, (max-width: 300px) 100vw, 300px" /></figure>
</div></div></div>
</div>



<div class="wp-block-column is-vertically-aligned-center is-layout-flow wp-block-column-is-layout-flow" style="padding-top:1em;padding-right:1em;padding-bottom:1em;padding-left:1em">
<div class="wp-block-columns is-layout-flex wp-container-core-columns-is-layout-9d6595d7 wp-block-columns-is-layout-flex">
<div class="wp-block-column is-layout-flow wp-block-column-is-layout-flow" style="flex-basis:320px">
<p class="has-small-font-size" style="line-height:1.6"><strong>Adrian</strong></p>



<p class="has-small-font-size" style="line-height:1.5">Jestem trenerem personalnym, który od lat z pasją trenuje i nieustannie poszerza swoją wiedzę na temat prawidłowej techniki ćwiczeń oraz zdrowego podejścia do aktywności fizycznej. Sport i ruch towarzyszą mi od dawna — trening stał się nie tylko sposobem na poprawę sylwetki, ale także stylem życia.</p>



<p class="has-small-font-size" style="line-height:1.5">Szczególną uwagę zwracam na poprawne wykonywanie ćwiczeń i bezpieczeństwo podczas treningu. Uważam, że solidne podstawy są kluczem do długofalowych efektów i uniknięcia kontuzji. Każdy plan treningowy staram się dopasować indywidualnie, uwzględniając możliwości, cele oraz samopoczucie osoby trenującej.</p>



<p class="has-small-font-size" style="line-height:1.5">Lubię pracę z ludźmi i cenię sobie bezpośredni kontakt z podopiecznymi. Motywuje mnie obserwowanie postępów innych oraz wspieranie ich w budowaniu zdrowych nawyków. Jeśli szukasz trenera, który podchodzi do treningu z zaangażowaniem, spokojem i autentyczną pasją — zapraszam do współpracy.</p>
</div>
</div>
</div>
</div>



<div style="height:100px" aria-hidden="true" class="wp-block-spacer"></div>



<div style="height:100px" aria-hidden="true" class="wp-block-spacer"></div>



<div style="height:1.25rem" aria-hidden="true" class="wp-block-spacer"></div>
</div></div>



<div style="height:var(--wp--preset--spacing--30)" aria-hidden="true" class="wp-block-spacer"></div>
</div></div>



<div class="wp-block-group alignfull" style="margin-top:0;margin-bottom:0;padding-top:var(--wp--preset--spacing--50);padding-right:var(--wp--preset--spacing--50);padding-bottom:var(--wp--preset--spacing--50);padding-left:var(--wp--preset--spacing--50)"><div class="wp-block-group__inner-container is-layout-constrained wp-container-core-group-is-layout-9cf8f26d wp-block-group-is-layout-constrained">
<h2 class="wp-block-heading alignwide has-x-large-font-size" style="margin-top:0;margin-bottom:var(--wp--preset--spacing--40);line-height:1">Watch, Read, Listen</h2>



<div class="wp-block-group alignwide"><div class="wp-block-group__inner-container is-layout-constrained wp-block-group-is-layout-constrained">
<div class="wp-block-query alignwide is-layout-flow wp-block-query-is-layout-flow">


<div style="height:var(--wp--preset--spacing--30)" aria-hidden="true" class="wp-block-spacer"></div>


<div class="wp-block-query-no-results">

<p>No posts were found.</p>

</div></div>
</div></div>
</div></div>



<div class="wp-block-group alignfull" style="margin-top:0;margin-bottom:0;padding-top:var(--wp--preset--spacing--50);padding-right:var(--wp--preset--spacing--50);padding-bottom:var(--wp--preset--spacing--50);padding-left:var(--wp--preset--spacing--50)"><div class="wp-block-group__inner-container is-layout-constrained wp-container-core-group-is-layout-9cf8f26d wp-block-group-is-layout-constrained">
<div class="wp-block-group alignwide has-base-2-background-color has-background" style="border-radius:16px;padding-top:var(--wp--preset--spacing--40);padding-right:var(--wp--preset--spacing--50);padding-bottom:var(--wp--preset--spacing--40);padding-left:var(--wp--preset--spacing--50)"><div class="wp-block-group__inner-container is-layout-constrained wp-container-core-group-is-layout-282d97d7 wp-block-group-is-layout-constrained">
<div style="height:var(--wp--preset--spacing--10)" aria-hidden="true" class="wp-block-spacer"></div>



<h2 class="wp-block-heading has-text-align-center has-x-large-font-size">Join 900+ subscribers</h2>



<p class="has-text-align-center">Stay in the loop with everything you need to know.</p>



<div class="wp-block-buttons is-content-justification-center is-layout-flex wp-container-core-buttons-is-layout-16018d1d wp-block-buttons-is-layout-flex">
<div class="wp-block-button"><a class="wp-block-button__link wp-element-button">Sign up</a></div>
</div>



<div style="height:var(--wp--preset--spacing--10)" aria-hidden="true" class="wp-block-spacer"></div>
</div></div>
</div></div>

<p>Trener personalny &#8211; Specjalista ds. siły i sprawności Adrian Jestem trenerem personalnym, który od lat z pasją trenuje i nieustannie poszerza swoją wiedzę na temat prawidłowej techniki ćwiczeń oraz zdrowego podejścia do aktywności fizycznej. Sport i ruch towarzyszą mi od dawna — trening stał się nie tylko sposobem na poprawę sylwetki, ale także stylem życia&#8230;.</p>
